3*s = -4*a - 35. Let r be -3 + 58 + s + -6. Calculate the greatest common divisor of 36 and r.
18
Let s = -2719 - -2847. What is the highest common divisor of s and 104?
8
Let c be 9*((-56)/12 - -7). Calculate the greatest common factor of c and 63.
21
Suppose 4*r - 3*g - 138 = 3*r, -r = 2*g - 118. Suppose 30 = 3*l - 2*l. Let p = l - 16. Calculate the highest common factor of r and p.
14
Let y be 1 + 3 + -2 + 10. Suppose -2*r - 24 = 5*v, -v - y = 2*v. Let c be (r - 1)/(6/(-32)). Calculate the greatest common divisor of c and 8.
8
Suppose 0 = 2*a - a - j - 145, -a + 4*j + 160 = 0. What is the greatest common factor of 30 and a?
10
Let g(c) = 2 + 3*c - 20 + 0 + c. Let q be g(5). Let j be q*-2 - (-1 - 33). What is the greatest common divisor of j and 10?
10
Let z be ((-28)/7 + -663)/(2 - 3). Calculate the highest common divisor of 23 and z.
23
Let h(v) = -4*v**3 + v + 1. Let d be h(-1). Suppose 2*q - 3*q = -d*k + 133, k + 5*q - 49 = 0. What is the greatest common factor of k and 17?
17
Let r = -208 - -225. Let g = 267 - 148. Calculate the greatest common divisor of g and r.
17
Suppose 12*c = -2*m + 17*c + 35, 2*m + 2*c = 28. Suppose -5*s + 4*s + 60 = 0. Calculate the highest common divisor of m and s.
15
Suppose 0 = 5*w + 2*r - 656, -57*r = -w - 58*r + 130. What is the greatest common divisor of 36 and w?
12
Suppose 2*y - 4*g = 4*y - 132, -12 = -4*g. Calculate the greatest common factor of y and 192.
12
Suppose -5732*a + 5718*a = 196 - 812. Let h(b) = 18*b + 2. Let t be h(6). Calculate the greatest common factor of t and a.
22
Let o be (-12)/6 + 3 + 0. Let h = 1 + 0. Let t be (o + 11 + 1)/h. What is the highest common divisor of t and 117?
13
Let s(o) = o**3 - 2*o**2 + 8*o - 8. Suppose -4*n = 5*y - 20, -3*n - 8 = -2*y + 2*n. Let h be s(y). Calculate the greatest common divisor of 8 and h.
8
Let p = 13 - 9. Suppose -l + p*d + 1 + 4 = 0, -2*d - 7 = -l. Let u(o) = 5*o - 17. Let y be u(7). Calculate the greatest common divisor of y and l.
9
Let p(g) = -g**3 - 3*g**2 + 7*g + 36. Let y be p(-5). What is the highest common divisor of 1377 and y?
51
Suppose n + u = 51 - 19, 0 = -5*u. Let m be (-75)/(-10)*8/6*-1. Let l be m*(-10 + -3 + 5). Calculate the highest common factor of l and n.
16
Let q(y) = 5 + 6*y - y + 3*y - 6*y. Let w be q(5). Calculate the greatest common factor of w and 105.
15
Let n = -95 - -91. Let t be (-2)/n - (-4)/(16/102). Suppose 0 = a - 4*a - 4*c + 226, 3*c = a - 84. What is the highest common factor of a and t?
26
Let p be (-459)/(-68) + (-15)/20. What is the greatest common divisor of p and 702?
6
Suppose -60*p + 63 + 58 = 61*p. Let b(o) = o**2 + 6*o + 2. Let g be b(-6). What is the highest common factor of g and p?
1
Let m = 2 + 1. Let k = 14 + -10. Suppose 2*q + 15 = 4*r - 85, k*q = 4*r - 104. What is the greatest common factor of r and m?
3
Suppose -962 = -4*z - 33*z. Calculate the highest common factor of 416 and z.
26
Suppose 3*f = 19 + 56. What is the greatest common factor of f and 100?
25
Let w(a) = 3*a**3 + 3*a**2 - 10*a + 36. Let h be w(3). Calculate the highest common factor of 38 and h.
38
Suppose -6 = 2*p, -4*n + 34 = -p - 29. Let k be 2*12/(-8)*1. Let r be n + (k - -3) + 0. What is the greatest common factor of 75 and r?
15
Let j(l) = 4*l + 3. Let x = 87 - 85. Let p be j(x). What is the greatest common divisor of 55 and p?
11
Suppose -3157 = 14*x - 8029. Calculate the greatest common factor of 464 and x.
116
Suppose 2*w + 40 = -3*w. Let i(d) = -21*d - 13. Let n be i(w). Calculate the highest common divisor of 31 and n.
31
Let y(j) = 3*j**2 + 42*j - 96. Let v be y(-34). Calculate the greatest common divisor of 72 and v.
72
Let t(s) = s**3 - 5*s**2 + 3*s - 2. Let l be t(5). Let d be (-2)/7 + 2200/56. Calculate the greatest common factor of l and d.
13
Let f = -3 - 0. Let m(k) = k + 8. Let z be m(f). Suppose -26 = -z*g + 54. What is the greatest common divisor of 4 and g?
4
Let q = -6 - -8. Let m be (-1)/2 + 81/q. Suppose -3*a + 2*v = 7*v - 35, -5*a = -2*v - 17. Calculate the highest common factor of m and a.
5
Suppose -10*z + 25 = -5. Let k be (5/z)/((-4)/(-60)). What is the greatest common divisor of k and 100?
25
Suppose 8*z - 22 = 6*z. Suppose 7*t = z*t - 64. What is the highest common divisor of t and 112?
16
Suppose 4*b = -3*b - 231. Let c = b - -16. Let p = c + 37. What is the highest common factor of p and 8?
4
Let x(v) = -v**3 + 19*v**2 - 55*v + 1. Let y be x(15). Calculate the greatest common divisor of y and 1292.
76
Suppose 0 = 3*w - 4*d + 238 - 1910, -5*w + 2*d = -2768. Let x be 6/(-18) - (w/9)/(-4). Calculate the greatest common divisor of 15 and x.
15
Suppose -3*d - 2 + 29 = 0. Suppose d*t - 50 = 4*t - 5*h, -5*t - 2*h + 47 = 0. What is the highest common divisor of 72 and t?
9
Let a(z) = 8*z**2 - 14*z + 33. Let x be a(4). Suppose -1 = i - 2*t - 22, t = 4*i - x. What is the greatest common divisor of i and 27?
27
Suppose y = -2*b + 57, -59 = -2*b - 0*b + y. Let x(j) = 15*j - 1. Let q be x(2). Calculate the highest common divisor of q and b.
29
Let c be ((-189)/6)/3*2. Let f be c/6*(-4 - -6). Let x = f - -16. Calculate the greatest common factor of 18 and x.
9
Let y(q) = -37*q - 24. Let c be y(-5). What is the highest common divisor of c and 92?
23
Let q = 11 - 42. Let h = 53 + q. What is the greatest common divisor of 11 and h?
11
Let i = -82 + 85. Let j(s) = 20*s + 3. Let r be j(i). Calculate the greatest common divisor of r and 14.
7
Suppose 4*c - 24 = 4*w + 12, 3*c - 3 = -5*w. Let r = -61 - -70. What is the highest common factor of r and c?
3
Suppose 6*r - 52*r + 552 = 0. What is the greatest common factor of r and 282?
6
Let t(j) = -2*j**2 + 86*j + 189. Let p be t(45). What is the highest common divisor of 237 and p?
3
Suppose 6*q - 15 = 3*q. Suppose 20 = 4*b + r + 3, -q*b - 10 = -5*r. Suppose -176 - 88 = -b*w. What is the highest common divisor of w and 8?
8
Let x be (-520)/(-50) + 3/15*-2. What is the greatest common factor of 235 and x?
5
Suppose -d + 10 = d. Let p be ((-2)/1)/(5/((-1800)/16)). What is the greatest common factor of p and d?
5
Let i = 21 + 70. Let t(f) = 2*f**2 + 2*f + 4. Let w be t(5). Suppose -r - 4*r - 4*z = -53, 0 = -4*r + 4*z + w. Calculate the highest common factor of i and r.
13
Let u(o) = 106*o**2 + 2*o + 2. Let x be u(3). What is the greatest common divisor of 13 and x?
13
Suppose t - 22 = 5*x - 1, -4*t + 8 = -x. Let j be (-134)/(-2) - 0 - (1 + x). Calculate the greatest common factor of j and 10.
10
Let d = 531 - 198. Calculate the highest common factor of d and 9.
9
Suppose -2710 + 298 = -67*m. Calculate the highest common divisor of 1332 and m.
36
Let c(s) = -5*s + 280. Let j be c(44). Let x be (-485)/(-20) - (-2)/(-8). Calculate the greatest common factor of j and x.
12
Suppose 6*w = 12*w - 12. Suppose -3*f = -2*y - 94, -w*y + 114 + 16 = 5*f. Calculate the highest common divisor of 28 and f.
28
Let v(b) = -182*b + 55. Let n be v(-4). Calculate the greatest common divisor of n and 29.
29
Suppose 462 = -13*p + 27*p. Let g(v) = 2*v**2 + 4*v - 5. Let y be g(-4). Calculate the greatest common factor of y and p.
11
Let s = -22 + 265. Calculate the greatest common divisor of s and 18.
9
Suppose -x = 5*p - 34, 0 = -2*p + 3 + 1. Let b = 30 - x. Suppose -b*a + 57 = -5*a. What is the greatest common factor of a and 38?
19
Let m be (10 - 16) + 0 + 2994. Calculate the highest common divisor of m and 36.
36
Let o(g) = -11*g + 8. Let r = -65 - -62. Let h be o(r). Calculate the highest common divisor of h and 287.
41
Suppose 15*u - 36 = 14*u. Let r be ((-6)/(-4))/(1/12). Suppose 0 = -m - 0*m + r. What is the greatest common divisor of m and u?
18
Let k = 239 - 213. What is the highest common divisor of k and 39?
13
Suppose -14*c + 1049 = -71. Suppose 0 = -5*a + 6*w - 9*w + 400, 5*w - c = -a. What is the greatest common factor of a and 32?
16
Let c be 3/9 + (-460)/(-6). Suppose 0 = -3*x + 2*x + 2. Suppose -o = x*o - 21. What is the highest common factor of c and o?
7
Let r be (-108 - -106)/(1/(-6)). Calculate the highest common divisor of r and 1236.
12
Suppose 4*i = -4*x - 192, 0 = -3*x - 0*i - 4*i - 146. Let b be 135*(-4 + x/(-10)). Calculate the greatest common factor of 54 and b.
27
Suppose -l + 11*l = 90. What is the greatest common divisor of 369 and l?
9
Let b be (-2)/(-2)*(-